o) = -o**2 - 18*o + 119. Give z(5).
4
Let v(x) = x**3 + 7*x**2 - 2*x. What is v(-7)?
14
Let c(b) = -219*b**3 - b**2 - 4*b + 4. Give c(1).
-220
Let k(u) = u**2 - u - 6. Determine k(4).
6
Let b(v) = -2*v**3 - v**2 - 3*v - 2. Give b(-1).
2
Let r(o) = -4*o + 3. Calculate r(5).
-17
Let h(i) = 2*i**3 - i**2 + i + 10. Calculate h(0).
10
Let j(m) = 8*m. What is j(1)?
8
Let d(h) = -33*h + 184. What is d(5)?
19
Let m(j) = -j**2 + 6*j - 3. What is m(5)?
2
Let i(p) = 14*p + 2. Calculate i(-2).
-26
Let v(z) = 4*z - 3. Determine v(0).
-3
Let m(u) = -17*u + 60. What is m(3)?
9
Let r(c) = -24*c - 3. Give r(-2).
45
Let l(d) = -8*d. Determine l(-5).
40
Let p(r) = -53*r**3 - r**2 + r. Calculate p(1).
-53
Let w(y) = y**3 - 7*y**2 + 7*y - 11. Determine w(6).
-5
Let w(z) = -3*z - 23. Determine w(-15).
22
Let b(r) = 3*r**2 - 3*r + 1. Give b(2).
7
Let t(c) = -c**2 + 28*c - 155. What is t(10)?
25
Let d(j) = -j**2 - 4*j - 1. What is d(-6)?
-13
Let p(c) = -c + 8. Determine p(1).
7
Let r(a) = -48*a + 196. Calculate r(4).
4
Let k(h) = 2*h + 30. Calculate k(-6).
18
Let u(g) = -g**2 - 7*g + 1. Calculate u(-8).
-7
Let d(u) = -u**3 + 7*u**2 - 18*u + 120. What is d(7)?
-6
Let f(q) = -q**3 + 5*q**2 + 10*q - 27. Calculate f(6).
-3
Let q(v) = v**3 - 13*v**2 + v + 10. Calculate q(13).
23
Let m(q) = q + 8. Give m(13).
21
Let q(d) = d**2 + 6*d - 10. What is q(-11)?
45
Let i(o) = -o**2 + 3*o + 11. Determine i(6).
-7
Let n(y) = -y**2 + 12*y - 38. Determine n(8).
-6
Let n(r) = r**2 + 8*r - 19. Determine n(2).
1
Let m(a) = 68*a + 8. What is m(-1)?
-60
Let y(r) = r**3 + 7*r**2 + 7*r + 1. What is y(-6)?
-5
Let c(d) = d + 11. Give c(-6).
5
Let u(f) = -17*f + 2. What is u(3)?
-49
Let c(m) = 3*m**2 + 5*m. Determine c(-5).
50
Let k(h) = h - 4. What is k(9)?
5
Let r(x) = -7*x**2 + 4*x - 3. Determine r(1).
-6
Let z(u) = -22*u + 3. Calculate z(1).
-19
Let j(g) = -7*g**2 + 10*g + 9. What is j(-1)?
-8
Let a(g) = -3*g - 23. What is a(-6)?
-5
Let q(k) = -2*k**2 - 17*k + 2. What is q(-7)?
23
Let b(l) = l - 15. Give b(7).
-8
Let x(q) = 20*q - 54. Give x(3).
6
Let f(r) = r**3 + 10*r**2 + 5*r - 8. What is f(-9)?
28
Let l(s) = s**3 - 5*s**2 + 32*s - 162. Calculate l(5).
-2
Let r(v) = -21*v**2 + v. Determine r(-1).
-22
Let w(s) = s**3 - 9*s**2 + 6*s + 1. Determine w(8).
-15
Let o(i) = -i - 18. Determine o(-4).
-14
Let f(d) = -d**2 - d + 29. What is f(0)?
29
Let o(k) = -k**3 - 9*k**2 - k + 21. Determine o(-8).
-35
Let n(y) = -y**3 - 5*y**2 + 6*y + 2. Determine n(-6).
2
Let a(l) = l**3 + 5*l**2 - 11*l - 10. Determine a(-5).
45
Let a(o) = -o**3 - 16*o**2 + 14*o - 5. Determine a(-17).
46
Let g(v) = 4*v**2 - 2*v + 1. Give g(2).
13
Let c(r) = -2*r**2 + 42*r - 2. Determine c(21).
-2
Let j(u) = -u**3 - 22*u**2 + 72*u - 80. Determine j(-25).
-5
Let p(x) = -x**3 + 12*x**2 - 11*x + 7. What is p(11)?
7
Let k(m) = -m + 3. What is k(-6)?
9
Let s(n) = 20*n - 9. Determine s(6).
111
Let p(y) = y**3 - 10*y**2 - 22*y - 20. What is p(12)?
4
Let r(d) = -25*d**2 - 2*d + 1. What is r(1)?
-26
Let l(j) = -j**2 - 35*j - 69. Give l(-2).
-3
Let p(j) = j - 13. Determine p(10).
-3
Let u(c) = c**3 + 15*c**2 + 14*c + 16. Calculate u(-14).
16
Let q(x) = x + 7. What is q(6)?
13
Let c(y) = -4*y - 91. Determine c(-20).
-11
Let y(i) = -i**2 - 8*i + 7. What is y(-8)?
7
Let k(w) = w**3 - 8*w**2 + 3*w - 12. Calculate k(8).
12
Let r(h) = -2*h**2 + 8*h + 1. Give r(4).
1
Let y(l) = l**3 - 3*l**2 - 19*l - 3. Determine y(6).
-9
Let t(o) = 2*o**2 - 67*o - 25. Determine t(34).
9
Let h(v) = -v**3 + 13*v**2 - 13*v - 4. Give h(12).
-16
Let i(o) = o**2 + 12*o - 28. Give i(-16).
36
Let b(y) = 2*y**2 - 52*y + 30. Give b(25).
-20
Let h(d) = d - 8. Calculate h(12).
4
Let q(i) = i**2 - 9. What is q(-4)?
7
Let d(a) = -8*a + 18. Calculate d(4).
-14
Let c(t) = 5*t**3 - t**2 + 4*t + 7. Determine c(-3).
-149
Let b(s) = -s**3 + s**2 - s + 5. Give b(0).
5
Let c(d) = d**3 - d - 14. Determine c(0).
-14
Let f(j) = -12*j. Give f(6).
-72
Let c(k) = -3*k**3 + 3*k**2 - 6*k + 3. Determine c(2).
-21
Let q(k) = -2*k**2 - 18*k + 8. Give q(-9).
8
Let b(a) = -a**2 - 5*a + 13. Determine b(-6).
7
Let x(q) = 2*q + 26. Give x(-6).
14
Let w(k) = k**2 - 3*k - 5. What is w(0)?
-5
Let d(c) = c**3 + 4*c**2 + 3*c + 6. Determine d(-3).
6
Let w(h) = -h + 37. What is w(12)?
25
Let x(i) = 5*i + 6. Give x(2).
16
Let u(t) = -t**3 + 3*t**2 - 3*t. Give u(4).
-28
Let g(r) = 34*r**2 - 3*r - 3. Determine g(2).
127
Let d(o) = o - 23. Calculate d(-6).
-29
Let n(a) = a**3 + 39*a**2 - 126*a + 28. Determine n(-42).
28
Let n(i) = -12*i + 310. Give n(27).
-14
Let r(t) = 5*t**2 + 4*t - 2. Determine r(1).
7
Let c(w) = 10*w - 297. Calculate c(29).
-7
Let h(i) = -i**2 + 11*i - 23. What is h(4)?
5
Let h(t) = -7*t**2 + 8*t. Calculate h(2).
-12
Let s(i) = -i**3 - 4*i**2 + 16*i + 17. What is s(-6)?
-7
Let m(o) = o**3 + 6*o**2 - 4*o - 15. What is m(-6)?
9
Let l(n) = 4*n**3 + 36*n**2 - 88*n + 4. Give l(-11).
4
Let z(w) = 7*w + 84. What is z(-12)?
0
Let r(f) = f**3 - 3*f**2 - f - 3. Calculate r(2).
-9
Let o(l) = l**3 + 26*l**2 - 89*l - 64. Give o(-29).
-6
Let z(i) = -i**3 - 8*i**2 - 8*i - 13. What is z(-7)?
-6
Let g(c) = c**2 - 11*c + 5. Determine g(15).
65
Let z(g) = -g**2 - 24. What is z(0)?
-24
Let m(x) = -2*x**2 - 2*x - 8. Calculate m(-3).
-20
Let p(n) = -n**3 - 3*n**2 - n - 8. What is p(-4)?
12
Let f(l) = -4*l**3 - l**2 - l - 1. Determine f(-1).
3
Let x(q) = -4*q**2 + q. Determine x(2).
-14
Let t(h) = -8*h + 12. Determine t(-4).
44
Let o(h) = -5*h + 16. What is o(15)?
-59
Let v(g) = 2*g**2 - 20*g + 53. Give v(4).
5
Let w(r) = r**2 - 9*r + 2. Calculate w(7).
-12
Let l(d) = -5*d + 4. Give l(3).
-11
Let r(h) = -17*h - 243. Give r(-14).
-5
Let i(x) = -87*x. Determine i(-1).
87
Let i(t) = t**2 + 19*t - 35. What is i(-20)?
-15
Let i(h) = -3*h**3 - 5*h**2 + 6*h - 2. Give i(2).
-34
Let t(s) = s**3 + 11*s**2 + 10*s. Calculate t(-10).
0
Let a(m) = -m**2 + 10*m - 26. Calculate a(5).
-1
Let z(x) = -x**3 + 9*x**2 + 10*x + 1. Determine z(10).
1
Let w(z) = z**3 + 7*z**2 + 8*z - 2. Give w(-6).
-14
Let m(y) = y**3 + 4*y**2 + 5*y + 2. Give m(-5).
-48
Let n(a) = -a - 11. What is n(8)?
-19
Let m(f) = f**2 + 8*f - 3. Give m(-5).
-18
Let q(a) = a - 1. Determine q(6).
5
Let q(g) = 2*g**3 - 14*g**2 + 7*g + 4. Calculate q(5).
-61
Let o(c) = -c**2 + 27*c - 178. Determine o(14).
4
Let g(f) = -f. Calculate g(7).
-7
Let d(y) = -2*y**2 - 17*y + 20. Calculate d(-9).
11
Let l(b) = -2*b**2 - b. Give l(1).
-3
Let y(p) = 5*p - 161. Calculate y(14).
-91
Let g(y) = -y**2 + 3*y + 4. Calculate g(-2).
-6
Let f(x) = -x**3 + 6*x**2 - 15*x + 8. Give f(4).
-20
Let c(b) = -3*b + 30. Determine c(9).
3
Let w(a) = -2*a + 3. Calculate w(14).
-25
Let t(r) = -r**2 - 17*r - 30. Give t(-15).
0
Let n(q) = -q**3 + 20*q**2 - 5*q + 85. Determine n(20).
-15
Let h(o) = o**3 - 8*o**2 - 28*o + 25. Determine h(11).
80
Let i(z) = -z**2 + 11*z + 29. Give i(12).
17
Let z(l) = 7*l + 101. What is z(-15)?
-4
Let j(c) = c - 8. What is j(8)?
0
Let r(j) = j**3 + 7*j**2 - 6*j + 10. Give r(-8).
-6
Let v(s) = 3*s**2 + 5*s - 4. Determine v(-2).
-2
Let j(u) = 56*u. Calculate j(2).
112
Let u(d) = d**3 - 6*d**2 + d - 8. Calculate u(6).
-2
Let z(p) = -2*p - 11. Give z(-7).
3
Let p(b) = b**2 + 4*b + 7. What is p(-3)?
4
Let v(q) = 7*q + 18. Determine v(-1).
11
Let b(c) = -c + 4. What is b(2)?
2
Let x(n) = 2*n**3 + 60*n**2 + 3*n + 123. Calculate x(-30).
33
Let t(h) = 10*h + 13. Determine t(-3).
-17
Let n(r) = -r**2 - 6*r - 1. Calculate n(-6).
-1
Let c(a) = -a**2 - 9*a - 8. Calculate c(-6).
10
Let x(t) = -t**3 + 10*t**2 - 2*t - 8. Determine x(9).
55
Let s(z) = 69*z - 123. Calculate s(2).
15
Let f(o) = o**2 + 5*o - 76. Calculate f(-13).
28
Let d(m) = -25*m**2 - 4*m + 3. Give d(1).
-26
Let t(g) = -g**2 - 6*g - 8. What is t(-5)?
-3
Let d(k) = -k**3 - 8*k**2 + 5*k + 26. Calculate d(-6).
-76
Let j(r) = r**2 - 17*r + 87. Calculate j(9).
15
Let p(n) = -n**3 - 4*n**2 + n + 7. Determine p(-5).
27
Let t(h) = -2*h**3 + 54*h**2 - 54*h + 64. What is t(26)?
12
Let z(o) = -o**2 - o - 3. What is z(-2)?
-5
Let q(s) = -s**3 - 2*s**2 - 1. Calculate q(0).
-1
Let q(i) = -70*i - 985. Give q(-14).
-5
Let c(l) = -l**2 + 6*l + 2. What is c(5)?
7
Let b(l) = -2*l - 22. Determine b(-10).
-2
Let w(p) = p - 15. What is w(0)?
-15
Let y(u) = 23*u**2 - 75*u + 4. Determine y(3).
-14
Let d(g) = g + 2. Calculate d(-4).
-2
Le